{"id":3,"date":"2024-12-13T16:00:52","date_gmt":"2024-12-13T15:00:52","guid":{"rendered":"http:\/\/hahbvbu.cluster027.hosting.ovh.net\/?page_id=3"},"modified":"2026-01-29T14:26:32","modified_gmt":"2026-01-29T13:26:32","slug":"privacy-policy","status":"publish","type":"page","link":"https:\/\/musartfestival.it\/index.php\/privacy-policy\/","title":{"rendered":"Privacy Policy"},"content":{"rendered":"\r\n<p>Per Musart Festival la privacy degli utenti \u00e8 preziosa. Per questo motivo si impegna a rispettare la privacy di tutti gli utenti iscritti alla propria mailing list e la loro riservatezza.\u00a0Desideriamo informare l\u2019Utente che il Regolamento UE n. 2016\/679 garantisce che il trattamento dei dati personali si svolga nel rispetto dei diritti e delle libert\u00e0 fondamentali, nonch\u00e9 della dignit\u00e0 dell\u2019interessato, con particolare riferimento alla riservatezza, all&#8217;identit\u00e0 personale e al diritto alla protezione dei dati personali. Vengono qui inoltre descritte le modalit\u00e0 di gestione del sito in riferimento al trattamento dei dati personali degli utenti che lo consultano e che hanno eventualmente accesso all\u2019area riservata.<br \/>Si tratta di un\u2019informativa che \u00e8 resa anche ai sensi dell\u2019art. 13 del Regolamento UE n. 2016\/679 a coloro che interagiscono con i servizi\u00a0<em>web\u00a0<\/em>di Associazione Culturale Musart accessibili per via telematica all\u2019indirizzo:\u00a0\u00a0<strong><a href=\"http:\/\/www.musartfestival.it%0b\">www.musartfestival.it<br \/><\/a><\/strong>Questa informativa \u00e8 resa per i soli siti riferibili a\u00a0<strong>Associazione Culturale Musart \u2013 Musart Festival<\/strong>\u00a0e non per altri siti\u00a0<em>web\u00a0<\/em>eventualmente consultati dall\u2019Utente tramite\u00a0<em>link<\/em>.\u00a0<br \/>L\u2019informativa prende spunto dalla Raccomandazione n. 2\/2001 che le autorit\u00e0 europee per la protezione dei dati personali, riunite nel Gruppo istituito dall\u2019art. 29 della direttiva n. 95\/46\/CE, hanno adottato il 17 maggio 2001 per individuare alcuni requisiti minimi per la raccolta di dati personali\u00a0<em>on-line<\/em>, e, in particolare, le modalit\u00e0, i tempi e la natura delle informazioni che i titolari del trattamento devono fornire agli utenti quando questi si collegano a pagine\u00a0<em>web<\/em>, indipendentemente dagli scopi del collegamento.<\/p>\r\n<p><strong>TITOLARE DEL TRATTAMENTO DEI DATI &#8211; RESPONSABILE DELLA PROTEZIONE DEI DATI<\/strong><\/p>\r\n<p>Il Titolare del trattamento \u00e8 Claudio Bertini, nella persona del legale rappresentante; Il responsabile della protezione dei dati (DPO) ai sensi degli art.37-39 del Regolamento UE n. 2016\/679 \u00e8 <strong>*inserire nome*<\/strong><\/p>\r\n<p><strong>NATURA DEI DATI TRATTATI (dati di navigazione)<\/strong><\/p>\r\n<p>I sistemi informatici e le procedure software preposte al funzionamento della piattaforma di questo sito web acquisiscono, nel corso del loro normale esercizio, alcuni dati personali la cui trasmissione \u00e8 implicita nell\u2019uso dei protocolli di comunicazione di Internet.<br \/>Si tratta di informazioni che sono raccolte per essere associate all\u2019Utente che decide di interagire tramite form di richiesta e di invio e che volontariamente decide di utilizzare questa modalit\u00e0 per usufruire dei servizi, prodotti ed ogni altro genere di richiesta che il gestore del sito, od i suoi partners commerciali, sono in grado di offrire.<br \/>In questa categoria di dati rientrano gli indirizzi IP o i nomi a dominio dei computer utilizzati dagli utenti che si connettono al sito, gli indirizzi in notazione\u00a0<em>URI (Uniform Resource Identifier)\u00a0<\/em>delle risorse richieste, l\u2019orario della richiesta, il metodo utilizzato nel sottoporre la richiesta al server, la dimensione del file ottenuto in risposta, il codice numerico indicante lo stato della risposta data dal\u00a0<em>server\u00a0<\/em>(buon fine, errore, ecc.) ed altri parametri relativi al sistema operativo e all\u2019ambiente informatico dell\u2019utente.<br \/>Questi dati vengono utilizzati al solo fine di ricavare informazioni statistiche anonime sull\u2019uso del sito e per controllarne il corretto funzionamento e vengono cancellati immediatamente dopo l\u2019elaborazione. I dati potrebbero essere utilizzati per l\u2019accertamento di responsabilit\u00e0 in caso di ipotetici reati informatici ai danni del sito: salva questa eventualit\u00e0, allo stato i dati sui contatti\u00a0<em>web\u00a0<\/em>non persistono per pi\u00f9 di sette giorni.<\/p>\r\n<p><strong>FINALITA\u2019 DEL TRATTAMENTO DATI<\/strong><\/p>\r\n<p>Il servizio ha un puro scopo informativo e promozionale legato a concerti, manifestazioni artistiche, sport e tempo libero in genere.<br \/>I trattamenti connessi ai servizi\u00a0<em>web\u00a0<\/em>di questo sito hanno luogo presso la predetta sede del Titolare del Trattamento, presso la sede individuata dal gestore del sito internet e sono curati solo da personale incaricato del trattamento, oppure da eventuali incaricati di occasionali operazioni di manutenzione.\u00a0Nessun dato derivante dal servizio\u00a0<em>web\u00a0<\/em>viene comunicato o diffuso. I dati personali forniti dagli utenti che inoltrano richieste di invio di materiale in merito al servizio richiesto (oppure anche solo di carattere informativo) sono utilizzati al solo fine di eseguire il servizio, l\u2019invio di prodotti ed ogni altro genere di richiesta che il gestore del sito, od i suoi partners commerciali, sono in grado di offrire e sono comunicati a terzi solo se necessario e se coinvolti e funzionali all\u2019espletamento di quanto richiesto dall\u2019Utente.\u00a0<br \/>La raccolta ed il trattamento dei dati personali dell\u2019Utente avverranno nel rispetto dei principi generali di necessit\u00e0, correttezza, pertinenza e non eccedenza ed in particolare il trattamento dei dati avverr\u00e0 per:\u00a0<strong>dati forniti volontariamente dall&#8217;utente<\/strong>.\u00a0<br \/>L\u2019invio facoltativo, esplicito e volontario di posta elettronica agli indirizzi indicati su questo sito comporta la successiva acquisizione dell\u2019indirizzo del mittente, necessario per rispondere alle richieste, nonch\u00e9 degli eventuali altri dati personali inseriti nella missiva.<br \/>Specifiche informative di sintesi verranno progressivamente riportate o visualizzate nelle pagine del sito predisposte per\u00a0particolari servizi a richiesta.\u00a0<\/p>\r\n<p><strong>COOKIES<\/strong><\/p>\r\n<p>Vengono utilizzati i c.d.\u00a0<em>cookies\u00a0<\/em>che sono file di piccole dimensioni memorizzati sul disco rigido del computer e servono per fornire servizi e\/o informazioni. La maggior parte dei cookie sono &#8220;cookie di sessione&#8221; e vengono quindi eliminati dal disco rigido al termine della sessione (quando ci si disconnette o si chiude il browser). Possono essere presenti in alcune pagine del sito per poter analizzare l&#8217;accesso alle pagine web, personalizzare i propri servizi, i contenuti e i messaggi pubblicitari, misurare l&#8217;efficacia delle promozioni e garantire fiducia e sicurezza.\u00a0La nostra politica relativa all&#8217;uso dei cookie del nostro sito \u00e8 consultabile nell\u2019apposita sezione.<\/p>\r\n<p>&lt;script type=&#8221;text\/javascript&#8221; charset=&#8221;UTF-8&#8243; data-cookiescriptreport=&#8221;report&#8221; src=&#8221;\/\/report.cookie-script.com\/r\/d6c128e9be7d453a417b5dc6a37f9c92.js&#8221;&gt;&lt;\/script&gt;<\/p>\r\n<p><strong>CONFERIMENTO DEI DATI<\/strong><\/p>\r\n<p>A parte quanto specificato per i dati di navigazione, l\u2019utente \u00e8 libero di fornire i dati personali riportati nelle apposite maschere relative ai servizi, prodotti ed ogni altro genere di richiesta che il gestore del sito, od i suoi partners commerciali, sono in grado di offrire, nonch\u00e9 relativi al consenso al trattamento dei dati o comunque indicati per sollecitare l\u2019invio di materiale informativo o di altre comunicazioni. Il loro mancato conferimento pu\u00f2 comportare l\u2019impossibilit\u00e0 di ottenere risposta a eventuali richieste o usufruire dei servizi o prestazioni che il gestore del sito, od i suoi partners commerciali, sono in grado di fornire.<\/p>\r\n<p><strong>MODALIT\u00c0 DI TRATTAMENTO<\/strong><\/p>\r\n<p>Il trattamento sar\u00e0 svolto in forma automatizzata e\/o manuale, nel rispetto di quanto previsto dall\u2019art. 32 del GDPR 2016\/679 e dall\u2019Allegato B del D.Lgs. 196\/2003 (artt. 33-36 del Codice) in materia di misure di sicurezza, ad opera di soggetti appositamente incaricati e in ottemperanza a quanto previsto dagli art. 29 GDPR 2016\/ 679.<br \/>Le segnaliamo che, nel rispetto dei principi di liceit\u00e0, limitazione delle finalit\u00e0 e minimizzazione dei dati, ai sensi dell\u2019art. 5 GDPR 2016\/679, i Suoi dati personali saranno conservati per il periodo di tempo necessario per il conseguimento delle finalit\u00e0 per le quali sono raccolti e trattati. La durata non potr\u00e0 comunque essere superiore ad anni 10 (dieci).<\/p>\r\n<p><strong>AMBITO DI COMUNICAZIONE E DIFFUSIONE<\/strong><\/p>\r\n<p>I Dati raccolti ed elaborati potranno essere:<br \/>a) utilizzati in forma anonima per finalit\u00e0 statistiche;<br \/>b) messi a disposizione dei Collaboratori del Titolare, in qualit\u00e0 di Responsabili o Incaricati;<br \/>c) comunicati a terze persone, fisiche o giuridiche o pubbliche amministrazioni, solo se coinvolte e funzionali all\u2019erogazione dei servizi, prodotti ed ogni altro genere di richiesta che il gestore del sito \u00e8 in grado di soddisfare, ed in genere, a tutti quei soggetti pubblici e privati cui la comunicazione sia necessaria per il corretto adempimento delle finalit\u00e0 sopra indicate;<br \/>d) trasferiti ad altro Titolare (in qualit\u00e0 di titolare autonomo) per trattamenti effettuati all\u2019esterno, per gli aspetti che possono riguardarli e secondo le modalit\u00e0 previste dalla legge;<\/p>\r\n<p><strong>DIRITTI DELL\u2019INTERESSATO<\/strong><\/p>\r\n<p>In ogni momento, Lei potr\u00e0 esercitare, ai sensi degli articoli dal 15 al 22 del Regolamento UE n. 2016\/679, il diritto di:<br \/>a) chiedere la conferma dell\u2019esistenza o meno di propri dati personali;<br \/>b) ottenere le indicazioni circa le finalit\u00e0 del trattamento, le categorie dei dati personali, i destinatari o le categorie di destinatari a cui i dati personali sono stati o saranno comunicati e, quando possibile, il periodo di conservazione;<br \/>c) ottenere la rettifica e la cancellazione dei dati;<br \/>d) ottenere la limitazione del trattamento;<br \/>e) ottenere la portabilit\u00e0 dei dati, ossia riceverli da un titolare del trattamento, in un formato strutturato, di uso comune e leggibile da dispositivo automatico, e trasmetterli ad un altro titolare del trattamento senza impedimenti;<br \/>f) opporsi al trattamento in qualsiasi momento ed anche nel caso di trattamento per finalit\u00e0 di marketing diretto;<br \/>g) opporsi ad un processo decisionale automatizzato relativo alle persone \ufb01siche, compresa la profilazione;<br \/>h) chiedere al titolare del trattamento l\u2019accesso ai dati personali e la rettifica o la cancellazione degli stessi o la limitazione del trattamento che lo riguardano o di opporsi al loro trattamento, oltre al diritto alla portabilit\u00e0 dei dati;<br \/>i) revocare il consenso in qualsiasi momento senza pregiudicare la liceit\u00e0 del trattamento basata sul consenso prestato prima della revoca;<br \/>j) proporre reclamo a un\u2019autorit\u00e0 di controllo.<\/p>\r\n<p>Pu\u00f2 esercitare i Suoi diritti con richiesta scritta inviata a festivalmusart@gmail.com, all&#8217;indirizzo postale della sede legale o all\u2019indirizzo mail del Responsabile della Protezione dei Dati.<\/p>\r\n<p>Considerando che lo stato di perfezionamento dei meccanismi automatici di controllo non li rende attualmente esenti da errori e disfunzioni, si precisa che il presente documento potr\u00e0 essere soggetto ad aggiornamenti.<\/p>\r\n","protected":false},"excerpt":{"rendered":"<p>Per Musart Festival la privacy degli utenti \u00e8 preziosa. Per questo motivo si impegna a rispettare la privacy di tutti gli utenti iscritti alla propria mailing list e la loro riservatezza.\u00a0Desideriamo informare l\u2019Utente che il Regolamento UE n. 2016\/679 garantisce che il trattamento dei dati personali si svolga nel rispetto dei diritti e delle libert\u00e0 fondamentali, nonch\u00e9 della dignit\u00e0 dell\u2019interessato, [&hellip;]<\/p>\n","protected":false},"author":1,"featured_media":0,"parent":0,"menu_order":0,"comment_status":"closed","ping_status":"open","template":"","meta":{"footnotes":""},"class_list":["post-3","page","type-page","status-publish","hentry"],"_links":{"self":[{"href":"https:\/\/musartfestival.it\/index.php\/wp-json\/wp\/v2\/pages\/3","targetHints":{"allow":["GET"]}}],"collection":[{"href":"https:\/\/musartfestival.it\/index.php\/wp-json\/wp\/v2\/pages"}],"about":[{"href":"https:\/\/musartfestival.it\/index.php\/wp-json\/wp\/v2\/types\/page"}],"author":[{"embeddable":true,"href":"https:\/\/musartfestival.it\/index.php\/wp-json\/wp\/v2\/users\/1"}],"replies":[{"embeddable":true,"href":"https:\/\/musartfestival.it\/index.php\/wp-json\/wp\/v2\/comments?post=3"}],"version-history":[{"count":4,"href":"https:\/\/musartfestival.it\/index.php\/wp-json\/wp\/v2\/pages\/3\/revisions"}],"predecessor-version":[{"id":1359,"href":"https:\/\/musartfestival.it\/index.php\/wp-json\/wp\/v2\/pages\/3\/revisions\/1359"}],"wp:attachment":[{"href":"https:\/\/musartfestival.it\/index.php\/wp-json\/wp\/v2\/media?parent=3"}],"curies":[{"name":"wp","href":"https:\/\/api.w.org\/{rel}","templated":true}]}}